{"id":102,"date":"2018-07-28T22:24:16","date_gmt":"2018-07-28T20:24:16","guid":{"rendered":"http:\/\/www.siph-asso.com\/?page_id=102"},"modified":"2026-02-08T09:26:54","modified_gmt":"2026-02-08T08:26:54","slug":"adhesion-au-siph","status":"publish","type":"page","link":"https:\/\/www.siph-asso.com\/?page_id=102","title":{"rendered":"Adh\u00e9sion au SIPH"},"content":{"rendered":"\t\t<div data-elementor-type=\"wp-post\" data-elementor-id=\"102\" class=\"elementor elementor-102\">\n\t\t\t\t\t\t<div class=\"elementor-inner\">\n\t\t\t\t<div class=\"elementor-section-wrap\">\n\t\t\t\t\t\t\t\t\t<section class=\"elementor-section elementor-top-section elementor-element elementor-element-223ff3c9 elementor-section-boxed elementor-section-height-default elementor-section-height-default\" data-id=\"223ff3c9\" data-element_type=\"section\">\n\t\t\t\t\t\t<div class=\"elementor-container elementor-column-gap-default\">\n\t\t\t\t\t\t\t<div class=\"elementor-row\">\n\t\t\t\t\t<div class=\"elementor-column elementor-col-100 elementor-top-column elementor-element elementor-element-5c3fa3ba\" data-id=\"5c3fa3ba\" data-element_type=\"column\">\n\t\t\t<div class=\"elementor-column-wrap elementor-element-populated\">\n\t\t\t\t\t\t\t<div class=\"elementor-widget-wrap\">\n\t\t\t\t\t\t<div class=\"elementor-element elementor-element-4d27aacb elementor-widget elementor-widget-text-editor\" data-id=\"4d27aacb\" data-element_type=\"widget\" data-widget_type=\"text-editor.default\">\n\t\t\t\t<div class=\"elementor-widget-container\">\n\t\t\t\t\t\t\t\t<div class=\"elementor-text-editor elementor-clearfix\">\n\t\t\t\t<p style=\"text-align: center;\"><strong>Pourquoi adh\u00e9rer au SIPH ?<br \/><\/strong><\/p><p style=\"text-align: justify;\"><strong>1- promouvoir l\u2019innovation pour une meilleure qualit\u00e9 d\u2019accompagnement dans le monde du handicap\u00a0<\/strong>: construire des strat\u00e9gies collectives ; prendre part aux projets structurants du secteur du handicap au niveau r\u00e9gional et national&#8230;<\/p><p style=\"text-align: justify;\"><strong>2- Gagner en visibilit\u00e9\u00a0<\/strong>: Repr\u00e9sentation des adh\u00e9rents aupr\u00e8s des pouvoirs publics et des diverses institutions. Nous informerons les collectivit\u00e9s des probl\u00e8mes concernant les personnes handicap\u00e9es et nous nous chargerons de n\u00e9gocier pour vous aupr\u00e8s des pouvoirs publics et des politiques les am\u00e9nagement et actions n\u00e9cessaires \u00e0 mettre en oeuvre&#8230;<\/p><p style=\"text-align: justify;\"><strong>3- S\u2019enrichir de la force d\u2019un puissant r\u00e9seau\u00a0<\/strong>: Soutien de ses adh\u00e9rents sur l\u2019ensemble de leurs projets, mettre en r\u00e9seau les comp\u00e9tences n\u00e9cessaires \u00e0 l\u2019am\u00e9lioration et \u00e0 l&#8217;\u00e9laboration de projets structurants sur l&#8217;inclusivit\u00e9.\u00a0 Rencontrer et \u00e9changer avec d\u2019autres acteurs ; d\u00e9velopper de nouvelles pratiques ; innover ensemble autour de projets collaboratifs&#8230;<\/p><p style=\"text-align: justify;\"><strong>4- B\u00e9n\u00e9ficier de services \u00e0 haute valeur ajout\u00e9e\u00a0<\/strong>: recevoir la Lettre du SIPH et des veilles sur les opportunit\u00e9s du march\u00e9 ; acc\u00e9der de fa\u00e7on privil\u00e9gi\u00e9e aux r\u00e9unions et manifestations du SIPH et de ses partenaires ; pouvoir \u00eatre orient\u00e9 et conseill\u00e9&#8230;<\/p>\t\t\t\t\t<\/div>\n\t\t\t\t\t\t<\/div>\n\t\t\t\t<\/div>\n\t\t\t\t\t\t<\/div>\n\t\t\t\t\t<\/div>\n\t\t<\/div>\n\t\t\t\t\t\t\t\t<\/div>\n\t\t\t\t\t<\/div>\n\t\t<\/section>\n\t\t\t\t<section class=\"elementor-section elementor-top-section elementor-element elementor-element-a7fcdb1 elementor-section-boxed elementor-section-height-default elementor-section-height-default\" data-id=\"a7fcdb1\" data-element_type=\"section\">\n\t\t\t\t\t\t<div class=\"elementor-container elementor-column-gap-default\">\n\t\t\t\t\t\t\t<div class=\"elementor-row\">\n\t\t\t\t\t<div class=\"elementor-column elementor-col-100 elementor-top-column elementor-element elementor-element-d7b2ff0\" data-id=\"d7b2ff0\" data-element_type=\"column\">\n\t\t\t<div class=\"elementor-column-wrap elementor-element-populated\">\n\t\t\t\t\t\t\t<div class=\"elementor-widget-wrap\">\n\t\t\t\t\t\t<div class=\"elementor-element elementor-element-7a4abc1 elementor-align-center elementor-widget elementor-widget-button\" data-id=\"7a4abc1\" data-element_type=\"widget\" data-widget_type=\"button.default\">\n\t\t\t\t<div class=\"elementor-widget-container\">\n\t\t\t\t\t<div class=\"elementor-button-wrapper\">\n\t\t\t<a href=\"http:\/\/www.siph-asso.com\/wp-content\/uploads\/adhesions\/SIPH%20Bulletin%20d&#039;had\u00e9sion%202026.pdf\" class=\"elementor-button-link elementor-button elementor-size-lg\" role=\"button\">\n\t\t\t\t\t\t<span class=\"elementor-button-content-wrapper\">\n\t\t\t\t\t\t<span class=\"elementor-button-text\">Bulletin d'adh\u00e9sion 2026 (Cliquez ici)<\/span>\n\t\t<\/span>\n\t\t\t\t\t<\/a>\n\t\t<\/div>\n\t\t\t\t<\/div>\n\t\t\t\t<\/div>\n\t\t\t\t\t\t<\/div>\n\t\t\t\t\t<\/div>\n\t\t<\/div>\n\t\t\t\t\t\t\t\t<\/div>\n\t\t\t\t\t<\/div>\n\t\t<\/section>\n\t\t\t\t\t\t\t\t\t<\/div>\n\t\t\t<\/div>\n\t\t\t\t\t<\/div>\n\t\t","protected":false},"excerpt":{"rendered":"<p>Pourquoi adh\u00e9rer au SIPH ? 1- promouvoir l\u2019innovation pour une meilleure qualit\u00e9 d\u2019accompagnement dans le monde du handicap\u00a0: construire des strat\u00e9gies collectives ; prendre part aux projets structurants du secteur du handicap au niveau r\u00e9gional et national&#8230; 2- Gagner en visibilit\u00e9\u00a0: Repr\u00e9sentation des adh\u00e9rents aupr\u00e8s des pouvoirs publics et des diverses institutions. Nous informerons les [&hellip;]<\/p>\n","protected":false},"author":1,"featured_media":0,"parent":0,"menu_order":0,"comment_status":"closed","ping_status":"closed","template":"","meta":{"_exactmetrics_skip_tracking":false,"_exactmetrics_sitenote_active":false,"_exactmetrics_sitenote_note":"","_exactmetrics_sitenote_category":0,"_monsterinsights_skip_tracking":false,"_monsterinsights_sitenote_active":false,"_monsterinsights_sitenote_note":"","_monsterinsights_sitenote_category":0,"_uf_show_specific_survey":0,"_uf_disable_surveys":false,"footnotes":""},"class_list":["post-102","page","type-page","status-publish","hentry"],"aioseo_notices":[],"_links":{"self":[{"href":"https:\/\/www.siph-asso.com\/index.php?rest_route=\/wp\/v2\/pages\/102","targetHints":{"allow":["GET"]}}],"collection":[{"href":"https:\/\/www.siph-asso.com\/index.php?rest_route=\/wp\/v2\/pages"}],"about":[{"href":"https:\/\/www.siph-asso.com\/index.php?rest_route=\/wp\/v2\/types\/page"}],"author":[{"embeddable":true,"href":"https:\/\/www.siph-asso.com\/index.php?rest_route=\/wp\/v2\/users\/1"}],"replies":[{"embeddable":true,"href":"https:\/\/www.siph-asso.com\/index.php?rest_route=%2Fwp%2Fv2%2Fcomments&post=102"}],"version-history":[{"count":25,"href":"https:\/\/www.siph-asso.com\/index.php?rest_route=\/wp\/v2\/pages\/102\/revisions"}],"predecessor-version":[{"id":4310,"href":"https:\/\/www.siph-asso.com\/index.php?rest_route=\/wp\/v2\/pages\/102\/revisions\/4310"}],"wp:attachment":[{"href":"https:\/\/www.siph-asso.com\/index.php?rest_route=%2Fwp%2Fv2%2Fmedia&parent=102"}],"curies":[{"name":"wp","href":"https:\/\/api.w.org\/{rel}","templated":true}]}}

Adhésion au SIPH

<div data-elementor-type="wp-post" data-elementor-id="102" class="elementor elementor-102">
						<div class="elementor-inner">
				<div class="elementor-section-wrap">
									<section class="elementor-section elementor-top-section elementor-element elementor-element-223ff3c9 elementor-section-boxed elementor-section-height-default elementor-section-height-default" data-id="223ff3c9" data-element_type="section">
						<div class="elementor-container elementor-column-gap-default">
							<div class="elementor-row">
					<div class="elementor-column elementor-col-100 elementor-top-column elementor-element elementor-element-5c3fa3ba" data-id="5c3fa3ba" data-element_type="column">
			<div class="elementor-column-wrap elementor-element-populated">
							<div class="elementor-widget-wrap">
						<div class="elementor-element elementor-element-4d27aacb elementor-widget elementor-widget-text-editor" data-id="4d27aacb" data-element_type="widget" data-widget_type="text-editor.default">
				<div class="elementor-widget-container">
								<div class="elementor-text-editor elementor-clearfix">
				<p style="text-align: center;"><strong>Pourquoi adhérer au SIPH ?<br /></strong></p><p style="text-align: justify;"><strong>1- promouvoir l’innovation pour une meilleure qualité d’accompagnement dans le monde du handicap </strong>: construire des stratégies collectives ; prendre part aux projets structurants du secteur du handicap au niveau régional et national&#8230;</p><p style="text-align: justify;"><strong>2- Gagner en visibilité </strong>: Représentation des adhérents auprès des pouvoirs publics et des diverses institutions. Nous informerons les collectivités des problèmes concernant les personnes handicapées et nous nous chargerons de négocier pour vous auprès des pouvoirs publics et des politiques les aménagement et actions nécessaires à mettre en oeuvre&#8230;</p><p style="text-align: justify;"><strong>3- S’enrichir de la force d’un puissant réseau </strong>: Soutien de ses adhérents sur l’ensemble de leurs projets, mettre en réseau les compétences nécessaires à l’amélioration et à l&#8217;élaboration de projets structurants sur l&#8217;inclusivité.  Rencontrer et échanger avec d’autres acteurs ; développer de nouvelles pratiques ; innover ensemble autour de projets collaboratifs&#8230;</p><p style="text-align: justify;"><strong>4- Bénéficier de services à haute valeur ajoutée </strong>: recevoir la Lettre du SIPH et des veilles sur les opportunités du marché ; accéder de façon privilégiée aux réunions et manifestations du SIPH et de ses partenaires ; pouvoir être orienté et conseillé&#8230;</p>					</div>
						</div>
				</div>
						</div>
					</div>
		</div>
								</div>
					</div>
		</section>
				<section class="elementor-section elementor-top-section elementor-element elementor-element-a7fcdb1 elementor-section-boxed elementor-section-height-default elementor-section-height-default" data-id="a7fcdb1" data-element_type="section">
						<div class="elementor-container elementor-column-gap-default">
							<div class="elementor-row">
					<div class="elementor-column elementor-col-100 elementor-top-column elementor-element elementor-element-d7b2ff0" data-id="d7b2ff0" data-element_type="column">
			<div class="elementor-column-wrap elementor-element-populated">
							<div class="elementor-widget-wrap">
						<div class="elementor-element elementor-element-7a4abc1 elementor-align-center elementor-widget elementor-widget-button" data-id="7a4abc1" data-element_type="widget" data-widget_type="button.default">
				<div class="elementor-widget-container">
					<div class="elementor-button-wrapper">
			<a href="http://www.siph-asso.com/wp-content/uploads/adhesions/SIPH%20Bulletin%20d&#039;hadésion%202026.pdf" class="elementor-button-link elementor-button elementor-size-lg" role="button">
						<span class="elementor-button-content-wrapper">
						<span class="elementor-button-text">Bulletin d'adhésion 2026 (Cliquez ici)</span>
		</span>
					</a>
		</div>
				</div>
				</div>
						</div>
					</div>
		</div>
								</div>
					</div>
		</section>
									</div>
			</div>
					</div>

<p>Pourquoi adhérer au SIPH ? 1- promouvoir l’innovation pour une meilleure qualité d’accompagnement dans le monde du handicap : construire des stratégies collectives ; prendre part aux projets structurants du secteur du handicap au niveau régional et national&#8230; 2- Gagner en visibilité : Représentation des adhérents auprès des pouvoirs publics et des diverses institutions. Nous informerons les [&hellip;]</p>
